{"id":29,"date":"2020-02-13T17:24:46","date_gmt":"2020-02-13T16:24:46","guid":{"rendered":"http:\/\/perrault-avocat.fr\/?page_id=29"},"modified":"2025-05-16T13:42:30","modified_gmt":"2025-05-16T11:42:30","slug":"honoraires","status":"publish","type":"page","link":"https:\/\/perrault-avocat.fr\/index.php\/honoraires\/","title":{"rendered":"Honoraires"},"content":{"rendered":"\t\t<div data-elementor-type=\"wp-page\" data-elementor-id=\"29\" class=\"elementor elementor-29\">\n\t\t\t\t\t\t<section class=\"elementor-section elementor-top-section elementor-element elementor-element-57fcd92 elementor-section-boxed elementor-section-height-default elementor-section-height-default\" data-id=\"57fcd92\" data-element_type=\"section\">\n\t\t\t\t\t\t<div class=\"elementor-container elementor-column-gap-default\">\n\t\t\t\t\t<div class=\"elementor-column elementor-col-50 elementor-top-column elementor-element elementor-element-0670531\" data-id=\"0670531\" data-element_type=\"column\">\n\t\t\t<div class=\"elementor-widget-wrap elementor-element-populated\">\n\t\t\t\t\t\t<div class=\"elementor-element elementor-element-37f4eeb elementor-widget elementor-widget-text-editor\" data-id=\"37f4eeb\" data-element_type=\"widget\" data-widget_type=\"text-editor.default\">\n\t\t\t\t<div class=\"elementor-widget-container\">\n\t\t\t\t\t\t\t\t\t<p><span style=\"text-decoration: underline;\"><strong><span style=\"color: #262e50; text-decoration: underline;\">L&rsquo;aide juridictionnelle<\/span><\/strong><\/span><\/p><p>Afin de garantir l&rsquo;acc\u00e8s au droit et \u00e0 la justice, le Cabinet accepte d&rsquo;intervenir au titre de l&rsquo;aide juridictionnelle, dispositif qui vous permet de b\u00e9n\u00e9ficier d&rsquo;une pris en charge totale ou partielle par l&rsquo;\u00c9tat des honoraires de l&rsquo;Avocat et des frais de justice (Huissier, Expert, &#8230;) et vous aidera dans cette d\u00e9marche.\u00a0<\/p><p>En cas d&rsquo;aide juridictionnelle totale, seul le droit de plaidoirie, d&rsquo;un montant de 13 \u20ac, restera \u00e0 votre charge et vous sera factur\u00e9 par le Cabinet \u00e0 l&rsquo;occasion de chaque audience de plaidoirie.\u00a0\u00a0<\/p><p>En cas d&rsquo;aide juridictionnelle partielle, et en plus du droit de plaidoirie, une convention d&rsquo;honoraires sera \u00e9tablie avec le Cabinet et pr\u00e9voira le montant des honoraires pris en charge par l&rsquo;\u00c9tat et le montant restant \u00e0 votre charge<\/p>\t\t\t\t\t\t\t\t<\/div>\n\t\t\t\t<\/div>\n\t\t\t\t\t<\/div>\n\t\t<\/div>\n\t\t\t\t<div class=\"elementor-column elementor-col-50 elementor-top-column elementor-element elementor-element-69d8427\" data-id=\"69d8427\" data-element_type=\"column\">\n\t\t\t<div class=\"elementor-widget-wrap elementor-element-populated\">\n\t\t\t\t\t\t<div class=\"elementor-element elementor-element-68a1f31 elementor-widget elementor-widget-text-editor\" data-id=\"68a1f31\" data-element_type=\"widget\" data-widget_type=\"text-editor.default\">\n\t\t\t\t<div class=\"elementor-widget-container\">\n\t\t\t\t\t\t\t\t\t<p><span style=\"text-decoration: underline;\"><span style=\"color: #262e50; text-decoration: underline;\"><strong>Convention<\/strong><\/span><span style=\"color: #262e50; text-decoration: underline;\"><strong> d&rsquo;honoraires<\/strong><\/span><\/span><\/p><p>Si vous ne b\u00e9n\u00e9ficiez pas de l&rsquo;aide juridictionnelle, une convention d&rsquo;honoraires sera syst\u00e9matiquement \u00e9tablie avec le Cabinet. Les honoraires sont notamment \u00e9tablis en fonction de la complexit\u00e9 de l&rsquo;affaire, du temps consacr\u00e9 \u00e0 l&rsquo;affaire, &#8230; .<\/p>\t\t\t\t\t\t\t\t<\/div>\n\t\t\t\t<\/div>\n\t\t\t\t<div class=\"elementor-element elementor-element-1b6227c elementor-widget elementor-widget-text-editor\" data-id=\"1b6227c\" data-element_type=\"widget\" id=\"hpasse\" data-widget_type=\"text-editor.default\">\n\t\t\t\t<div class=\"elementor-widget-container\">\n\t\t\t\t\t\t\t\t\t<p><span style=\"text-decoration-line: underline;\">L&rsquo;honoraire au temps pass\u00e9<\/span><\/p><p>Les honoraires sont \u00e9tablis en fonction d&rsquo;un taux horaire indiqu\u00e9 dans la convention d&rsquo;honoraires.<\/p><p>Le taux horaire pratiqu\u00e9 varie entre 150 et 210 euros HT.<\/p>\t\t\t\t\t\t\t\t<\/div>\n\t\t\t\t<\/div>\n\t\t\t\t<div class=\"elementor-element elementor-element-4b57b4e elementor-widget elementor-widget-text-editor\" data-id=\"4b57b4e\" data-element_type=\"widget\" id=\"hforfait\" data-widget_type=\"text-editor.default\">\n\t\t\t\t<div class=\"elementor-widget-container\">\n\t\t\t\t\t\t\t\t\t<p><span style=\"text-decoration: underline;\">L&rsquo;honoraire forfaitaire<\/span><\/p><p>Le co\u00fbt global est fix\u00e9 pour l&rsquo;ensemble de la proc\u00e9dure dans la convention d&rsquo;honoraires.<\/p>\t\t\t\t\t\t\t\t<\/div>\n\t\t\t\t<\/div>\n\t\t\t\t\t<\/div>\n\t\t<\/div>\n\t\t\t\t\t<\/div>\n\t\t<\/section>\n\t\t\t\t<section class=\"elementor-section elementor-top-section elementor-element elementor-element-5578450 elementor-section-boxed elementor-section-height-default elementor-section-height-default\" data-id=\"5578450\" data-element_type=\"section\">\n\t\t\t\t\t\t<div class=\"elementor-container elementor-column-gap-default\">\n\t\t\t\t\t<div class=\"elementor-column elementor-col-100 elementor-top-column elementor-element elementor-element-511d44c\" data-id=\"511d44c\" data-element_type=\"column\">\n\t\t\t<div class=\"elementor-widget-wrap elementor-element-populated\">\n\t\t\t\t\t\t<div class=\"elementor-element elementor-element-bf714d7 elementor-widget elementor-widget-text-editor\" data-id=\"bf714d7\" data-element_type=\"widget\" data-widget_type=\"text-editor.default\">\n\t\t\t\t<div class=\"elementor-widget-container\">\n\t\t\t\t\t\t\t\t\t<p style=\"text-align: center;\">Votre protection juridique peut dans certains cas assurer la prise en charge des honoraires de votre avocat.<\/p>\t\t\t\t\t\t\t\t<\/div>\n\t\t\t\t<\/div>\n\t\t\t\t\t<\/div>\n\t\t<\/div>\n\t\t\t\t\t<\/div>\n\t\t<\/section>\n\t\t\t\t<\/div>\n\t\t","protected":false},"excerpt":{"rendered":"<p>L&rsquo;aide juridictionnelle Afin de garantir l&rsquo;acc\u00e8s au droit et \u00e0 la justice, le Cabinet accepte d&rsquo;intervenir au titre de l&rsquo;aide juridictionnelle, dispositif qui vous permet de b\u00e9n\u00e9ficier d&rsquo;une pris en charge totale ou partielle par l&rsquo;\u00c9tat des honoraires de l&rsquo;Avocat et des frais de justice (Huissier, Expert, &#8230;) et vous aidera dans cette d\u00e9marche.\u00a0 En [&hellip;]<\/p>\n","protected":false},"author":1,"featured_media":0,"parent":0,"menu_order":0,"comment_status":"closed","ping_status":"closed","template":"","meta":{"ocean_post_layout":"","ocean_both_sidebars_style":"","ocean_both_sidebars_content_width":0,"ocean_both_sidebars_sidebars_width":0,"ocean_sidebar":"0","ocean_second_sidebar":"0","ocean_disable_margins":"enable","ocean_add_body_class":"","ocean_shortcode_before_top_bar":"","ocean_shortcode_after_top_bar":"","ocean_shortcode_before_header":"","ocean_shortcode_after_header":"","ocean_has_shortcode":"","ocean_shortcode_after_title":"","ocean_shortcode_before_footer_widgets":"","ocean_shortcode_after_footer_widgets":"","ocean_shortcode_before_footer_bottom":"","ocean_shortcode_after_footer_bottom":"","ocean_display_top_bar":"default","ocean_display_header":"default","ocean_header_style":"","ocean_center_header_left_menu":"0","ocean_custom_header_template":"0","ocean_custom_logo":0,"ocean_custom_retina_logo":0,"ocean_custom_logo_max_width":0,"ocean_custom_logo_tablet_max_width":0,"ocean_custom_logo_mobile_max_width":0,"ocean_custom_logo_max_height":0,"ocean_custom_logo_tablet_max_height":0,"ocean_custom_logo_mobile_max_height":0,"ocean_header_custom_menu":"0","ocean_menu_typo_font_family":"0","ocean_menu_typo_font_subset":"","ocean_menu_typo_font_size":0,"ocean_menu_typo_font_size_tablet":0,"ocean_menu_typo_font_size_mobile":0,"ocean_menu_typo_font_size_unit":"px","ocean_menu_typo_font_weight":"","ocean_menu_typo_font_weight_tablet":"","ocean_menu_typo_font_weight_mobile":"","ocean_menu_typo_transform":"","ocean_menu_typo_transform_tablet":"","ocean_menu_typo_transform_mobile":"","ocean_menu_typo_line_height":0,"ocean_menu_typo_line_height_tablet":0,"ocean_menu_typo_line_height_mobile":0,"ocean_menu_typo_line_height_unit":"","ocean_menu_typo_spacing":0,"ocean_menu_typo_spacing_tablet":0,"ocean_menu_typo_spacing_mobile":0,"ocean_menu_typo_spacing_unit":"","ocean_menu_link_color":"","ocean_menu_link_color_hover":"","ocean_menu_link_color_active":"","ocean_menu_link_background":"","ocean_menu_link_hover_background":"","ocean_menu_link_active_background":"","ocean_menu_social_links_bg":"","ocean_menu_social_hover_links_bg":"","ocean_menu_social_links_color":"","ocean_menu_social_hover_links_color":"","ocean_disable_title":"default","ocean_disable_heading":"default","ocean_post_title":"Les honoraires","ocean_post_subheading":"","ocean_post_title_style":"","ocean_post_title_background_color":"","ocean_post_title_background":0,"ocean_post_title_bg_image_position":"","ocean_post_title_bg_image_attachment":"","ocean_post_title_bg_image_repeat":"","ocean_post_title_bg_image_size":"","ocean_post_title_height":0,"ocean_post_title_bg_overlay":0.5,"ocean_post_title_bg_overlay_color":"","ocean_disable_breadcrumbs":"default","ocean_breadcrumbs_color":"","ocean_breadcrumbs_separator_color":"","ocean_breadcrumbs_links_color":"","ocean_breadcrumbs_links_hover_color":"","ocean_display_footer_widgets":"default","ocean_display_footer_bottom":"default","ocean_custom_footer_template":"0","footnotes":""},"class_list":["post-29","page","type-page","status-publish","hentry","entry"],"yoast_head":"<!-- This site is optimized with the Yoast SEO plugin v25.0 - https:\/\/yoast.com\/wordpress\/plugins\/seo\/ -->\n<title>Honoraires - Cabinet d&#039;avocat Perrault<\/title>\n<meta name=\"robots\" content=\"index, follow, max-snippet:-1, max-image-preview:large, max-video-preview:-1\" \/>\n<link rel=\"canonical\" href=\"https:\/\/perrault-avocat.fr\/index.php\/honoraires\/\" \/>\n<meta property=\"og:locale\" content=\"fr_FR\" \/>\n<meta property=\"og:type\" content=\"article\" \/>\n<meta property=\"og:title\" content=\"Honoraires - Cabinet d&#039;avocat Perrault\" \/>\n<meta property=\"og:description\" content=\"L&rsquo;aide juridictionnelle Afin de garantir l&rsquo;acc\u00e8s au droit et \u00e0 la justice, le Cabinet accepte d&rsquo;intervenir au titre de l&rsquo;aide juridictionnelle, dispositif qui vous permet de b\u00e9n\u00e9ficier d&rsquo;une pris en charge totale ou partielle par l&rsquo;\u00c9tat des honoraires de l&rsquo;Avocat et des frais de justice (Huissier, Expert, &#8230;) et vous aidera dans cette d\u00e9marche.\u00a0 En [&hellip;]\" \/>\n<meta property=\"og:url\" content=\"https:\/\/perrault-avocat.fr\/index.php\/honoraires\/\" \/>\n<meta property=\"og:site_name\" content=\"Cabinet d&#039;avocat Perrault\" \/>\n<meta property=\"article:modified_time\" content=\"2025-05-16T11:42:30+00:00\" \/>\n<meta name=\"twitter:card\" content=\"summary_large_image\" \/>\n<meta name=\"twitter:site\" content=\"@HlnePerrault1\" \/>\n<meta name=\"twitter:label1\" content=\"Dur\u00e9e de lecture estim\u00e9e\" \/>\n\t<meta name=\"twitter:data1\" content=\"1 minute\" \/>\n<script type=\"application\/ld+json\" class=\"yoast-schema-graph\">{\"@context\":\"https:\/\/schema.org\",\"@graph\":[{\"@type\":\"WebPage\",\"@id\":\"https:\/\/perrault-avocat.fr\/index.php\/honoraires\/\",\"url\":\"https:\/\/perrault-avocat.fr\/index.php\/honoraires\/\",\"name\":\"Honoraires - Cabinet d&#039;avocat Perrault\",\"isPartOf\":{\"@id\":\"https:\/\/perrault-avocat.fr\/#website\"},\"datePublished\":\"2020-02-13T16:24:46+00:00\",\"dateModified\":\"2025-05-16T11:42:30+00:00\",\"breadcrumb\":{\"@id\":\"https:\/\/perrault-avocat.fr\/index.php\/honoraires\/#breadcrumb\"},\"inLanguage\":\"fr-FR\",\"potentialAction\":[{\"@type\":\"ReadAction\",\"target\":[\"https:\/\/perrault-avocat.fr\/index.php\/honoraires\/\"]}]},{\"@type\":\"BreadcrumbList\",\"@id\":\"https:\/\/perrault-avocat.fr\/index.php\/honoraires\/#breadcrumb\",\"itemListElement\":[{\"@type\":\"ListItem\",\"position\":1,\"name\":\"Accueil\",\"item\":\"https:\/\/perrault-avocat.fr\/\"},{\"@type\":\"ListItem\",\"position\":2,\"name\":\"Honoraires\"}]},{\"@type\":\"WebSite\",\"@id\":\"https:\/\/perrault-avocat.fr\/#website\",\"url\":\"https:\/\/perrault-avocat.fr\/\",\"name\":\"Cabinet d&#039;avocat Perrault\",\"description\":\"\",\"publisher\":{\"@id\":\"https:\/\/perrault-avocat.fr\/#organization\"},\"potentialAction\":[{\"@type\":\"SearchAction\",\"target\":{\"@type\":\"EntryPoint\",\"urlTemplate\":\"https:\/\/perrault-avocat.fr\/?s={search_term_string}\"},\"query-input\":{\"@type\":\"PropertyValueSpecification\",\"valueRequired\":true,\"valueName\":\"search_term_string\"}}],\"inLanguage\":\"fr-FR\"},{\"@type\":\"Organization\",\"@id\":\"https:\/\/perrault-avocat.fr\/#organization\",\"name\":\"CABINET D'AVOCAT PERRAULT\",\"url\":\"https:\/\/perrault-avocat.fr\/\",\"logo\":{\"@type\":\"ImageObject\",\"inLanguage\":\"fr-FR\",\"@id\":\"https:\/\/perrault-avocat.fr\/#\/schema\/logo\/image\/\",\"url\":\"https:\/\/perrault-avocat.fr\/wp-content\/uploads\/2020\/02\/180824_Logo-Final-Site.png\",\"contentUrl\":\"https:\/\/perrault-avocat.fr\/wp-content\/uploads\/2020\/02\/180824_Logo-Final-Site.png\",\"width\":352,\"height\":332,\"caption\":\"CABINET D'AVOCAT PERRAULT\"},\"image\":{\"@id\":\"https:\/\/perrault-avocat.fr\/#\/schema\/logo\/image\/\"},\"sameAs\":[\"https:\/\/x.com\/HlnePerrault1\",\"https:\/\/www.linkedin.com\/in\/perrault-helene-a30b65167\/\"]}]}<\/script>\n<!-- \/ Yoast SEO plugin. -->","yoast_head_json":{"title":"Honoraires - Cabinet d&#039;avocat Perrault","robots":{"index":"index","follow":"follow","max-snippet":"max-snippet:-1","max-image-preview":"max-image-preview:large","max-video-preview":"max-video-preview:-1"},"canonical":"https:\/\/perrault-avocat.fr\/index.php\/honoraires\/","og_locale":"fr_FR","og_type":"article","og_title":"Honoraires - Cabinet d&#039;avocat Perrault","og_description":"L&rsquo;aide juridictionnelle Afin de garantir l&rsquo;acc\u00e8s au droit et \u00e0 la justice, le Cabinet accepte d&rsquo;intervenir au titre de l&rsquo;aide juridictionnelle, dispositif qui vous permet de b\u00e9n\u00e9ficier d&rsquo;une pris en charge totale ou partielle par l&rsquo;\u00c9tat des honoraires de l&rsquo;Avocat et des frais de justice (Huissier, Expert, &#8230;) et vous aidera dans cette d\u00e9marche.\u00a0 En [&hellip;]","og_url":"https:\/\/perrault-avocat.fr\/index.php\/honoraires\/","og_site_name":"Cabinet d&#039;avocat Perrault","article_modified_time":"2025-05-16T11:42:30+00:00","twitter_card":"summary_large_image","twitter_site":"@HlnePerrault1","twitter_misc":{"Dur\u00e9e de lecture estim\u00e9e":"1 minute"},"schema":{"@context":"https:\/\/schema.org","@graph":[{"@type":"WebPage","@id":"https:\/\/perrault-avocat.fr\/index.php\/honoraires\/","url":"https:\/\/perrault-avocat.fr\/index.php\/honoraires\/","name":"Honoraires - Cabinet d&#039;avocat Perrault","isPartOf":{"@id":"https:\/\/perrault-avocat.fr\/#website"},"datePublished":"2020-02-13T16:24:46+00:00","dateModified":"2025-05-16T11:42:30+00:00","breadcrumb":{"@id":"https:\/\/perrault-avocat.fr\/index.php\/honoraires\/#breadcrumb"},"inLanguage":"fr-FR","potentialAction":[{"@type":"ReadAction","target":["https:\/\/perrault-avocat.fr\/index.php\/honoraires\/"]}]},{"@type":"BreadcrumbList","@id":"https:\/\/perrault-avocat.fr\/index.php\/honoraires\/#breadcrumb","itemListElement":[{"@type":"ListItem","position":1,"name":"Accueil","item":"https:\/\/perrault-avocat.fr\/"},{"@type":"ListItem","position":2,"name":"Honoraires"}]},{"@type":"WebSite","@id":"https:\/\/perrault-avocat.fr\/#website","url":"https:\/\/perrault-avocat.fr\/","name":"Cabinet d&#039;avocat Perrault","description":"","publisher":{"@id":"https:\/\/perrault-avocat.fr\/#organization"},"potentialAction":[{"@type":"SearchAction","target":{"@type":"EntryPoint","urlTemplate":"https:\/\/perrault-avocat.fr\/?s={search_term_string}"},"query-input":{"@type":"PropertyValueSpecification","valueRequired":true,"valueName":"search_term_string"}}],"inLanguage":"fr-FR"},{"@type":"Organization","@id":"https:\/\/perrault-avocat.fr\/#organization","name":"CABINET D'AVOCAT PERRAULT","url":"https:\/\/perrault-avocat.fr\/","logo":{"@type":"ImageObject","inLanguage":"fr-FR","@id":"https:\/\/perrault-avocat.fr\/#\/schema\/logo\/image\/","url":"https:\/\/perrault-avocat.fr\/wp-content\/uploads\/2020\/02\/180824_Logo-Final-Site.png","contentUrl":"https:\/\/perrault-avocat.fr\/wp-content\/uploads\/2020\/02\/180824_Logo-Final-Site.png","width":352,"height":332,"caption":"CABINET D'AVOCAT PERRAULT"},"image":{"@id":"https:\/\/perrault-avocat.fr\/#\/schema\/logo\/image\/"},"sameAs":["https:\/\/x.com\/HlnePerrault1","https:\/\/www.linkedin.com\/in\/perrault-helene-a30b65167\/"]}]}},"_links":{"self":[{"href":"https:\/\/perrault-avocat.fr\/index.php\/wp-json\/wp\/v2\/pages\/29","targetHints":{"allow":["GET"]}}],"collection":[{"href":"https:\/\/perrault-avocat.fr\/index.php\/wp-json\/wp\/v2\/pages"}],"about":[{"href":"https:\/\/perrault-avocat.fr\/index.php\/wp-json\/wp\/v2\/types\/page"}],"author":[{"embeddable":true,"href":"https:\/\/perrault-avocat.fr\/index.php\/wp-json\/wp\/v2\/users\/1"}],"replies":[{"embeddable":true,"href":"https:\/\/perrault-avocat.fr\/index.php\/wp-json\/wp\/v2\/comments?post=29"}],"version-history":[{"count":13,"href":"https:\/\/perrault-avocat.fr\/index.php\/wp-json\/wp\/v2\/pages\/29\/revisions"}],"predecessor-version":[{"id":210,"href":"https:\/\/perrault-avocat.fr\/index.php\/wp-json\/wp\/v2\/pages\/29\/revisions\/210"}],"wp:attachment":[{"href":"https:\/\/perrault-avocat.fr\/index.php\/wp-json\/wp\/v2\/media?parent=29"}],"curies":[{"name":"wp","href":"https:\/\/api.w.org\/{rel}","templated":true}]}}